{"id":455,"date":"2015-03-04T19:25:43","date_gmt":"2015-03-04T18:25:43","guid":{"rendered":"http:\/\/lisdorf.de\/?page_id=455"},"modified":"2025-01-16T17:03:27","modified_gmt":"2025-01-16T16:03:27","slug":"heimatkundeverein-lisdorf","status":"publish","type":"page","link":"https:\/\/lisdorf.de\/?page_id=455","title":{"rendered":"Heimatkundeverein Lisdorf"},"content":{"rendered":"<p><strong><em>Steckbrief Lisdorfer Vereine (Mitglied bei Lisdorf \u2026 alles im gr\u00fcnen Bereich)<\/em><\/strong><\/p>\n<p><strong><em><a href=\"https:\/\/lisdorf.de\/wp-content\/uploads\/2015\/03\/logo.jpg\"><img loading=\"lazy\" decoding=\"async\" class=\"alignnone size-full wp-image-458\" src=\"https:\/\/lisdorf.de\/wp-content\/uploads\/2015\/03\/logo.jpg\" alt=\"logo\" width=\"141\" height=\"80\" \/><\/a><\/em><\/strong><\/p>\n<p><strong>Name:\u00a0\u00a0\u00a0<\/strong>Verein f\u00fcr Heimatkunde Lisdorf e.V.<\/p>\n<p><strong>Gegr\u00fcndet:<\/strong><\/p>\n<p><strong>Sparte: <\/strong>Heimatkunde<\/p>\n<p><strong>Veranstaltungen:<\/strong> Mundartabende, Gr\u00fcnkohlessen, Vereinsfahrten,<br \/>\nHerausgabe Heimatblatt, usw.<\/p>\n<p><strong>Abteilungen: <\/strong>Mundart, Heimatgeschichte, Heimatstube,<\/p>\n<p><strong>Vorsitzender: <\/strong>Georg Jungmmann<\/p>\n<p><strong>Adresse des Vereins: <\/strong>Im Fischerfeld 39\u00a0\u00a0 66740 Saarlouis<br \/>\nE-Mail:\u00a0 <a href=\"mailto:Heimatkunde@lisdorf.de\">Heimatkunde@lisdorf.de<\/a><\/p>\n<p><strong>Organisation:\u00a0<\/strong><\/p>\n<p><strong>Adresse:\u00a0<\/strong><\/p>\n<p><strong>Mitgliedsantrag: <a href=\"https:\/\/lisdorf.de\/wp-content\/uploads\/2020\/03\/Mitgliedsantrag-2019.pdf\">Mitgliedsantrag 2019<\/a><\/strong><\/p>\n<p><strong>Homepage: <\/strong><a href=\"http:\/\/heimatkunde.lisdorf.de\" target=\"_blank\" rel=\"noopener noreferrer\">heimatkunde.lisdorf.de\u00a0 <\/a><\/p>\n","protected":false},"excerpt":{"rendered":"<p>Steckbrief Lisdorfer Vereine (Mitglied bei Lisdorf \u2026 alles im gr\u00fcnen Bereich) Name:\u00a0\u00a0\u00a0Verein f\u00fcr Heimatkunde Lisdorf e.V. Gegr\u00fcndet: Sparte: Heimatkunde Veranstaltungen: Mundartabende, Gr\u00fcnkohlessen, Vereinsfahrten, Herausgabe Heimatblatt, usw. Abteilungen: Mundart, Heimatgeschichte, Heimatstube, &hellip; <a href=\"https:\/\/lisdorf.de\/?page_id=455\" class=\"more-link\"><span class=\"screen-reader-text\">Heimatkundeverein Lisdorf<\/span> weiterlesen <span class=\"meta-nav\">&rarr;<\/span><\/a><\/p>\n","protected":false},"author":1,"featured_media":0,"parent":6007,"menu_order":2,"comment_status":"closed","ping_status":"open","template":"","meta":{"footnotes":""},"class_list":["post-455","page","type-page","status-publish","hentry"],"jetpack_sharing_enabled":true,"_links":{"self":[{"href":"https:\/\/lisdorf.de\/index.php?rest_route=\/wp\/v2\/pages\/455","targetHints":{"allow":["GET"]}}],"collection":[{"href":"https:\/\/lisdorf.de\/index.php?rest_route=\/wp\/v2\/pages"}],"about":[{"href":"https:\/\/lisdorf.de\/index.php?rest_route=\/wp\/v2\/types\/page"}],"author":[{"embeddable":true,"href":"https:\/\/lisdorf.de\/index.php?rest_route=\/wp\/v2\/users\/1"}],"replies":[{"embeddable":true,"href":"https:\/\/lisdorf.de\/index.php?rest_route=%2Fwp%2Fv2%2Fcomments&post=455"}],"version-history":[{"count":9,"href":"https:\/\/lisdorf.de\/index.php?rest_route=\/wp\/v2\/pages\/455\/revisions"}],"predecessor-version":[{"id":4392,"href":"https:\/\/lisdorf.de\/index.php?rest_route=\/wp\/v2\/pages\/455\/revisions\/4392"}],"up":[{"embeddable":true,"href":"https:\/\/lisdorf.de\/index.php?rest_route=\/wp\/v2\/pages\/6007"}],"wp:attachment":[{"href":"https:\/\/lisdorf.de\/index.php?rest_route=%2Fwp%2Fv2%2Fmedia&parent=455"}],"curies":[{"name":"wp","href":"https:\/\/api.w.org\/{rel}","templated":true}]}}